is divided by 63.
61
What is the remainder when 130 is divided by 81?
49
What is the remainder when 60 is divided by 46?
14
What is the remainder when 1270 is divided by 1254?
16
What is the remainder when 207 is divided by 24?
15
Calculate the remainder when 2342 is divided by 145.
22
What is the remainder when 3351 is divided by 39?
36
What is the remainder when 58 is divided by 9?
4
Calculate the remainder when 26791 is divided by 394.
393
What is the remainder when 268 is divided by 63?
16
What is the remainder when 208 is divided by 97?
14
What is the remainder when 329 is divided by 30?
29
What is the remainder when 495 is divided by 36?
27
Calculate the remainder when 75 is divided by 23.
6
Calculate the remainder when 4544 is divided by 31.
18
Calculate the remainder when 840 is divided by 61.
47
What is the remainder when 418 is divided by 235?
183
Calculate the remainder when 77 is divided by 5.
2
Calculate the remainder when 636 is divided by 316.
4
Calculate the remainder when 627 is divided by 37.
35
Calculate the remainder when 32 is divided by 16.
0
What is the remainder when 1411 is divided by 343?
39
Calculate the remainder when 175 is divided by 18.
13
What is the remainder when 2008 is divided by 30?
28
Calculate the remainder when 5648 is divided by 36.
32
What is the remainder when 140 is divided by 132?
8
Calculate the remainder when 237 is divided by 125.
112
Calculate the remainder when 121 is divided by 31.
28
Calculate the remainder when 16 is divided by 9.
7
Calculate the remainder when 11 is divided by 11.
0
Calculate the remainder when 158 is divided by 15.
8
What is the remainder when 75 is divided by 17?
7
What is the remainder when 206 is divided by 79?
48
Calculate the remainder when 14 is divided by 3.
2
Calculate the remainder when 1411 is divided by 102.
85
Calculate the remainder when 611 is divided by 143.
39
Calculate the remainder when 94 is divided by 15.
4
What is the remainder when 218 is divided by 75?
68
What is the remainder when 8770 is divided by 43?
41
Calculate the remainder when 8368 is divided by 10.
8
Calculate the remainder when 308 is divided by 122.
64
What is the remainder when 27 is divided by 11?
5
Calculate the remainder when 997 is divided by 54.
25
Calculate the remainder when 1068 is divided by 51.
48
Calculate the remainder when 69 is divided by 27.
15
What is the remainder when 917 is divided by 17?
16
What is the remainder when 154 is divided by 56?
42
What is the remainder when 195 is divided by 50?
45
What is the remainder when 112 is divided by 39?
34
What is the remainder when 389 is divided by 196?
193
What is the remainder when 269 is divided by 84?
17
Calculate the remainder when 482 is divided by 179.
124
Calculate the remainder when 71 is divided by 7.
1
What is the remainder when 27467 is divided by 335?
332
What is the remainder when 627 is divided by 17?
15
What is the remainder when 2391 is divided by 66?
15
Calculate the remainder when 123 is divided by 97.
26
What is the remainder when 2 is divided by 2?
0
Calculate the remainder when 78 is divided by 9.
6
Calculate the remainder when 90 is divided by 47.
43
What is the remainder when 371 is divided by 98?
77
Calculate the remainder when 520 is divided by 128.
8
Calculate the remainder when 105 is divided by 37.
31
What is the remainder when 1241 is divided by 125?
116
Calculate the remainder when 263 is divided by 21.
11
Calculate the remainder when 23 is divided by 4.
3
Calculate the remainder when 418 is divided by 15.
13
Calculate the remainder when 2020 is divided by 34.
14
Calculate the remainder when 134 is divided by 10.
4
What is the remainder when 539 is divided by 39?
32
What is the remainder when 209 is divided by 114?
95
What is the remainder when 151 is divided by 66?
19
What is the remainder when 69872 is divided by 25?
22
Calculate the remainder when 1103 is divided by 109.
13
Calculate the remainder when 757 is divided by 421.
336
Calculate the remainder when 781 is divided by 250.
31
What is the remainder when 69 is divided by 8?
5
Calculate the remainder when 1334 is divided by 79.
70
Calculate the remainder when 130 is divided by 76.
54
What is the remainder when 5395 is divided by 142?
141
Calculate the remainder when 416 is divided by 136.
8
Calculate the remainder when 255 is divided by 71.
42
Calculate the remainder when 71 is divided by 9.
8
What is the remainder when 296 is divided by 101?
94
What is the remainder when 410 is divided by 147?
116
What is the remainder when 122 is divided by 20?
2
Calculate the remainder when 268 is divided by 141.
127
What is the remainder when 1218 is divided by 111?
108
What is the remainder when 6139 is divided by 50?
39
Calculate the remainder when 428 is divided by 73.
63
Calculate the remainder when 109 is divided by 10.
9
Calculate the remainder when 86 is divided by 44.
42
Calculate the remainder when 516 is divided by 74.
72
What is the remainder when 1249 is divided by 40?
9
What is the remainder when 22219 is divided by 55?
54
What is the remainder when 908 is divided by 356?
196
Calculate the remainder when 104 is divided by 60.
44
What is the remainder when 250 is divided by 212?
38
What is the remainder when 438 is divided by 55?
53
What is the remainder when 157 is divided by 106?
51
What is the remainder when 309 is divided by 62?
61
What is the remainder when 1247 is divided by 206?
11
What is the remainder when 916 is divided by 12?
4
Calculate the remainder when 12 is divided by 2.
0
What is the remainder when 69 is divided by 6?
3
Calculate the remainder when 110 is divided by 14.
12
Calculate the remainder when 1868 is divided by 187.
185
What is the remainder when 568 is divided by 560?
8
What is the remainder when 3029 is divided by 37?
32
Calculate the remainder when 376 is divided by 10.
6
What is the remainder when 229 is divided by 22?
9
What is the remainder when 1114 is divided by 31?
29
Calculate the remainder when 582 is divided by 66.
54
What is the remainder when 773 is divided by 9?
8
Calculate the remainder when 213 is divided by 27.
24
Calculate the remainder when 1845 is divided by 14.
11
Calculate the remainder when 128 is divided by 27.
20
What is the remainder when 1822 is divided by 7?
2
What is the remainder when 453 is divided by 19?
16
What is the remainder when 1008 is divided by 1006?
2
What is the remainder when 463 is divided by 68?
55
What is the remainder when 4663 is divided by 11?
10
What is the remainder when 40 is divided by 9?
4
Calculate the remainder when 947 is divided by 145.
77
Calculate the remainder when 515 is divided by 7.
4
Calculate the remainder when 2722 is divided by 37.
21
What is the remainder when 496 is divided by 47?
26
Calculate the remainder when 68 is divided by 25.
18
What is the remainder when 377 is divided by 18?
17
Calculate the remainder when 273 is divided by 45.
3
Calculate the remainder when 30013 is divided by 134.
131
Calculate the remainder when 353 is divided by 77.
45
What is the remainder when 685 is divided by 2?
1
What is the remainder when 65 is divided by 22?
21
Calculate the remainder when 68 is divided by 17.
0
Calculate the remainder when 87 is divided by 35.
17
Calculate the remainder when 352 is divided by 20.
12
What is the remainder when 171 is divided by 20?
11
Calculate the remainder when 1254 is divided by 608.
38
Calculate the remainder when 973 is divided by 39.
37
What is the remainder when 174 is divided by 35?
34
Calculate the remainder when 224 is divided by 21.
14
What is the remainder when 32 is divided by 14?
4
What is the remainder when 1661 is divided by 13?
10
Calculate the remainder when 50 is divided by 6.
2
Calculate the remainder when 267 is divided by 21.
15
What is the remainder when 236 is divided by 82?
72
What is the remainder when 1225 is divided by 176?
169
Calculate the remainder when 238 is divided by 119.
0
Calculate the remainder when 37 is divided by 31.
6
What is the remainder when 203 is divided by 59?
26
What is the remainder when 7437 is divided by 186?
183
Calculate the remainder when 338 is divided by 70.
58
What is the remainder when 481 is divided by 83?
66
Calculate the remainder when 4689 is divided by 12.
9
C